) + -1 - -6)?
-11
What is the value of (2 - -2) + -3 + (-79 - -66)?
-12
Evaluate -6 - (4 - 15) - (0 - (2 - 0)).
7
What is the value of 15 + -1 + (3 - -5) + -2 + -7?
13
What is (-9 - -1 - -29) + -10 + 25?
36
What is the value of (10 - (22 + 0 + -1 - 10)) + 32?
31
Calculate -1111 + 1085 - (-2 + -24).
0
(8 - (-15 + 29 + -18)) + (-1 - -7)
18
What is the value of -27 + 28 + -8 - (-1 + 2)?
-8
What is -28 + 29 + 5 + -2 + -7?
-3
Calculate (29 - (5 - -18)) + (1 - 0) - -1.
8
-3 - ((5 - 8) + -4 + 5) - 0
-1
What is -12 + 15 + -2 + -5?
-4
What is the value of 6 - (6 - ((-1 - 9) + 4))?
-6
What is (-20 - -6 - -19) + -21?
-16
What is the value of (-6 + 6 - -6) + -1 + -18?
-13
Calculate -12 - (3 - (6 + -4 + 4) - 1).
-8
Calculate 14 + (3 - 4 - -3 - (0 - -9)).
7
Calculate (-1 - 6) + -1 + 4 + 12.
8
Evaluate 21 - (6 + 13) - (-5 - (0 - -1)).
8
Calculate -14 - -20 - (-15 + 1 + (3 - -3)).
14
14 - 2 - (-9 - -3 - -9)
9
7 + 7 + (-6 - (-2 - -1))
9
Calculate (-6 - 3 - -16) + -4 - (16 + -1).
-12
Evaluate 6 + (-11 - -15) + (1 - -2).
13
Calculate 0 - -1 - (536 + -517).
-18
What is -26 + -1 - (-8 + (34 - 20) + -9)?
-24
953 + -885 + -40 + 1
29
What is -4 + (-5 - -3) - (0 - -4)?
-10
2 + 3 + -4 + -1 + -7
-7
(-2 - -14) + (-6 - (-23 + 27))
2
Calculate -36 - -7 - (-10 + 9 + -5) - 0.
-23
What is the value of (-6 - (-7 - -2)) + -2 + -7 + -6?
-16
Evaluate -2 + -8 + (9 + -2 - -1).
-2
Evaluate (-6 - (8 + 3) - -10) + 20.
13
Calculate 13 - (23 - 5 - 9).
4
45 + (8 - 1 - (-371 + 392))
31
Calculate -14 + 3 - (88 - 117).
18
What is the value of -7 - (-3 + (4 - (-4 + 6) - -7))?
-13
Evaluate -23 + 42 + (16 - 20).
15
-12 - ((-18 - -5) + (-19 - -41))
-21
-11 - (-23 + 12 + 20)
-20
Calculate 16 - (30 + -8 - -5).
-11
What is -94 + 80 + -2 + 9 + 6?
-1
What is the value of 0 + -7 + (16 - (11 + -3))?
1
Calculate 4 - (11 + -11) - (4 + (4 - 11)).
7
Evaluate -209 + 175 + (-1 - -17).
-18
Calculate (34 - 2) + (-43 - -50) - (13 - 8).
34
Calculate -37 + 30 + (1 - 2) + 0 + -2.
-10
Evaluate (-7 - (19 - 24)) + 21 + -7.
12
Calculate 9 - (16 - 14) - 21.
-14
-10 - (-8 + 5 + -8 + 5)
-4
Calculate -5 + 6 + (12 - 8 - 7) + 1.
-1
Evaluate (6 - (-24 - -40)) + 1.
-9
5 + (-12 - -5) + 3
1
0 + -8 - ((81 - 81) + (-5 - 2))
-1
Calculate (0 - 2) + (-31 - -50).
17
What is 8 - (5 + (4 - 13))?
12
2 + -2 + -2 - (7 - 11) - -1
3
40 + -1 + (-706 - -686)
19
Evaluate 0 + 2 + 8 + (-17 - -16).
9
What is -6 - (-50 + (55 - 16))?
5
What is -4 + 4 + (40 - 37 - (-1 - -19))?
-15
Evaluate -1 + -3 + 0 + 4 + (-13 - -6).
-7
-3 + 13 + (-15 + -8 - -16)
3
What is 1 - -7 - (17 - (28 - 32))?
-13
Calculate 0 + 0 + 3 + (-8 + 20 - -5).
20
What is 2 + (-4 - -6) + -4 + 6 - 16?
-10
What is the value of (1 - (-3 - 1)) + (26 - (6 - -10))?
15
What is -19 - (-6 - (6 + -6))?
-13
Evaluate 5 - 7 - (-68 + 38 + (-1 - -8)).
21
Evaluate -18 + 2 - (7 + -5 - 11).
-7
Evaluate 32 + -12 + (1 - 11) - (1 + -1).
10
Calculate (-14 - -20) + -11 - -10.
5
What is the value of (2 - (-4 - -4)) + (-8 - (-1 - 11))?
6
What is the value of 1 + -29 + 37 - -16?
25
What is 13 + 3 + -17 - (2 - 6)?
3
(-15 - -32) + (6 - 35)
-12
What is (-42 - -80) + (-36 - -18)?
20
Calculate 134 - 144 - (-1 + (9 - (3 - 3))).
-18
What is the value of -124 - -113 - (-14 - -1)?
2
Evaluate 6 - (-43 - (10 + -55)).
4
What is -7 - 0 - (8 - 76 - -62)?
-1
What is 8 - ((-7 + -20 - -2) + -10 + 18)?
25
8 + -6 + (0 - 8) + 12
6
What is the value of 8 + -2 - (15 - (17 - 9))?
-1
Evaluate 14 + (-16 + (-17 - -7) - 4).
-16
What is the value of (10 - 1) + 10 + -14 + -1?
4
Evaluate -12 - (14 - (2 + 6) - 18).
0
11 - (-3 + -12 + 5 - -2)
19
Evaluate 2 - (-18 + 5 - -13).
2
((7 - 20) + 7 - 6) + 2 + -1
-11
(22 - 46 - -24) + -24
-24
Evaluate -6 - (0 + 0 - -1 - -1).
-8
Evaluate -27 - -29 - (-4 + 4 + 1 - 12).
13
What is (-6 - (-1 + 2)) + (73 - (-60 + 126))?
0
What is -28 + 41 + -7 - (12 + 3)?
-9
What is -2 + -2 - ((-19 - 13) + 37)?
-9
(-1 - 3) + (16 + (-3 - -4) - -11)
24
Evaluate 1 + -3 - -1 - (-315 - -321).
-7
Calculate (6 - (-6 + 8 - 2 - -4)) + -8.
-6
Evaluate 4 - (40 + -32 + (-7 - 1)).
4
Calculate 165 + -155 + -7 + -1.
2
What is (5 - 13) + -12 + 35?
15
What is -1 + -4 + 203 + -190 + -22?
-14
Evaluate 46 + -46 - (2 + (0 - 2)).
0
What is the value of -8 + -11 + 23 + -8?
-4
Calculate 2 - -10 - (-24 + 1 + -1 + 18).
18
What is the value of 29 - (40 - (29 + -7))?
11
Evaluate -13 - (-5 + 1 + 7 + -6) - 0.
-10
-13 + (-5 - (6 - 14) - (-2 - -10))
-18
Calculate -1 + 0 - (7 + -2 + -36 + 25).
5
What is -29 + 6 + 1 - -31?
9
What is 10 - (2 + 4) - (-7 + 4)?
7
What is the value of (0 - -1 - 1 - 9) + 2146 + -2146?
-9
Calculate 1 + (-1 - (-7 - (5 - 9))) - 11.
-8
What is the value of 33 - 11 - 16 - (1 + -4)?
9
Evaluate -23 + 10 - 3 - (-2 - -1 - 3).
-12
What is the value of -12 - (-15 - 1 - (-26 + 20))?
-2
(16 - 11 - -12) + -20
-3
Calculate (4 - 8 - 2) + -2 + -8.
-16
-28 + 8 - -4 - -16
0
Evaluate 5 - ((-35 - -45) + (0 - 6)).
1
What is the value of -10 + 10 - (-7 - -3 - 24)?
28
What is -9 + 1 - (12 + -4 - 14)?
-2
Calculate -1 + -9 + (-13 - (0 + -11)).
-12
What is the value of 4 + (-35 - -11 - -12)?
-8
9 + (-6 - (3 + -6)) + (16 - 7)
15
What is the value of (3 - -6) + 1 + -18 + (84 - 76)?
0
Calculate 18 - (0 - -1) - (91 - 89).
15
What is -7 + 1 - (8 - -4 - 4)?
-14
(-201 - -184) + -1 + 0 + 4
-14
What is 22 + (60 + -51 - (-3 - -7))?
27
Evaluate (29 - 24 - 30) + 1.
-24
Evaluate 13 - (-4 + 17) - (-4 + 2 + 0).
2
What is the value of 461 + -454 - (1 + 6) - (2 - 0)?
-2
Calculate (-1 - 4) + -2 + 6 + -1.
-2
Calculate (-5 - 7) + 0 + -30 + 20.
-22
(-10 - (20 + -14)) + 28
12
What is the value of -33 + 33 + -31 - -53?
22
Calculate (29 - 14 - 8) + 4.
11
Evaluate (2 - 21) + -11 - -22.
-8
Evaluate -23 - (-84 + 45) - 7.
9
Calculate 13 + 20 + -8 + -34 + (2 - -20).
13
-814 - -813 - ((-1 - 0) + (0 - -11))
-11
Calculate -1 - 1 - ((15 - -14) + -17).
-14
2 + -1 + -2 - (14 - 24) - -4
13
What is the value of 2 - (-1 + (3 - 7) + 10)?
-3
Evaluate -14 + 0 - (-1501 + 1472).
15
What is the value of 10 + (-23 - -46) - 34?
-1
What is the value of (-2 - -4 - -1) + (-7 - (-8 + 2))?
2
Evaluate (0 - (-8 + -2)) + 26 + -11.
25
-12 + 2 - (51 - 45)
-16
Calculate -279 - -285 - (4 - 2).
4
Evaluate 0 - 17 - 2 - (-73 + 81 + -15).
-12
Evaluate -10 - (9 + -13 + -7 - 5).
6
What is the value of 1 + -1 - (16 - (21 - -1)) - -3?
9
2 + (-5 - (-32 - (-27 + 14)))
16
What is the value of -1193 - -1178 - (-7 - 0)?
-8
What is the value of (-1781 - -1819) + (1 - 4)?
35
(-15 - (0 + -3)) + -1 + (-1 - -6)
-8
What is the value of (1 + 0 - (-17 - (-9 + -6))) + 3?
6
Evaluate 10 - (13 + -20 - -2).
15
Calculate (-22 - -5) + 14 + -10.
-13
What is the value of 2 - (5 + (-5 - (-2 - (1 - 2))))?
1
Calculate 1 + 25 - (-449 + 505).
-30
What is -6 + (1 - (0 - 27))?
22
What is (0 - 5 - -6) + (8 - 0) + -3?
6
What is -13 - (-12 - (-6 - (11 - 7)))?
-11
0 + 17 - (-1056 + 1091)
-18
Calculate (-23 - 3 - -9) + 2 + -19.
-34
Evaluate -8 - (0 + -2 + (-4 - (-1 + -7))).
-10
Evaluate 12 + (-27 - -4) - -3.
-8
Calculate -2 - (-15 + 28 + -17).
2
Evaluate (40 - 43) + 50 + -17.
30
(0 - -5) + 17 + -12 + -17
-7
What is -64 + 60 + (1 + -3 - -25)?
19
2 + -11 + -4 + 14 + -10 + 12
3
Calculate (-6 - -2) + 13 + (50 - 49).
10
What is 23 - (-21 + 18 + 7)?
19
Calculate (8 - 23) + -5 + (6 - (2 - 0)).
-16
What is the value of -5 + -3 - -9 - (2 + -6)?
5
Calculate (2 - -1) + (-4 - (-20 - -10)).
9
What is (15 - (44 + -7)) + 15?
-7
(4 - -8) + (-8 + (0 - -3) - -3)
10
What is 5 + 1 - (7 + (-8 + 26 - 31))?
12
10 - (2 + (-30 - -9)) - -9
38
What is 0 + (8 - -10 - 7)?
11
What is the value of 12 - (-1 - (-1 - 8 - (-24 + 21)))?
7
-3 + (0 + -1 + 7 - (4 + -1))
0
Evaluate (8 + -7 - (11 + -6)) + -1.
-5
25 + -34 + (-4 - (-1 - 8))
-4
(17 - -2) + -33 + -5
-19
Evaluate (-8 - (5 + -8)) + (18 - 7).
6
What is (7 - 0) + (-1 + 0 - -5) + -27?
-16
What is the value of -7 - -24 - (-230 - -246)?
1
What is the value of -2 + 2 + 6 + 8 + 2?
16
What is 3 - (11 + 9 + -2)?
-15
Calculate (40 - 42) + -1 + 8 - 8.
-3
What is 0 + 1 - (-25 + 48)?
-22
What is (-12 - 8 - -11) + (-18 - 11)?
-38
What is the value of 1 + 5 - (0 - (22 + -6 + -12))?
10
What is 36 - (-17 + 11 + 3 + 13)?
26
What is 3 + -17 + -1 + (12 + -4 - 4)?
-11
Evaluate (1 - -21) + (-337 - -293).
-22
(10 - (-9 + 14)) + (1 - -1)
7
What is 10 + (12 - (27 + (12 - 8)))?
-9
14 + (-10 - 5) - (-10 + -1) - -5
15
Calculate 26 + (13 - -17 - 35).
21
